{"id":532,"date":"2022-06-02T15:16:01","date_gmt":"2022-06-02T16:16:01","guid":{"rendered":"https:\/\/carsharing-hohen-neuendorf.de\/wordpress\/?page_id=532"},"modified":"2026-03-21T10:14:09","modified_gmt":"2026-03-21T11:14:09","slug":"basistarif","status":"publish","type":"page","link":"https:\/\/www.carsharing-hohen-neuendorf.de\/index.php\/basistarif\/","title":{"rendered":"Basis-Tarif"},"content":{"rendered":"\n<p class=\"has-text-color\" style=\"color:#39b449\">8 \u20ac monatliche Grundgeb\u00fchr<\/p>\n\n\n\n<figure class=\"wp-block-table is-style-stripes has-medium-font-size\"><table class=\"has-black-color has-text-color\"><tbody><tr><td>Klasse<\/td><td><strong>S (Klein)<\/strong><\/td><td><strong>M (Kompakt)<\/strong><\/td><td><strong>XL (Kleinbus)<\/strong><\/td><\/tr><tr><td>Modell<\/td><td><strong>Renault Zoe<\/strong><\/td><td><strong>Tesla Model 3<\/strong><\/td><td><strong>Toyota PROACE<\/strong><\/td><\/tr><tr><td>Stunde (0 bis 6 Uhr)<\/td><td>\u20ac 0,50\/Std.<\/td><td>\u20ac 0,50\/Std.<\/td><td>\u20ac 1,00\/Std.<\/td><\/tr><tr><td>Stunde (6 &#8211; 24 Uhr)<\/td><td>\u20ac 3,20\/Std.<\/td><td>\u20ac 4,20\/Std.<\/td><td>\u20ac 6,00\/Std.<\/td><\/tr><tr><td>24 Stunden<\/td><td>\u20ac 35<em>\/Tag<\/em><\/td><td>\u20ac 42<em>\/Tag<\/em><\/td><td>\u20ac 63\/Tag<\/td><\/tr><tr><td>Woche (7 Tage)<\/td><td>\u20ac 140<em>\/Woche<\/em><\/td><td>\u20ac 180<em>\/Woche<\/em><\/td><td>\u20ac 300\/Woche<\/td><\/tr><tr><td>pro Kilometer (\u2264100km)<\/td><td>\u20ac 0,31<em>\/km<\/em><\/td><td>\u20ac 0,32<em>\/km<\/em><\/td><td>\u20ac 0,36\/km<\/td><\/tr><tr><td>pro Kilometer (&gt;100 km)<\/td><td>\u20ac 0,26<em>\/km<\/em><\/td><td>\u20ac 0,27<em>\/km<\/em><\/td><td>\u20ac 0,31\/km<\/td><\/tr><\/tbody><\/table><\/figure>\n\n\n\n<p class=\"has-black-color has-text-color\"><\/p>\n\n\n\n<p class=\"has-vivid-red-color has-text-color\">Bitte beachten Sie, dass Sie f\u00fcr den oben angezeigten &#8222;Basis&#8220;-Tarif einen Vertrag mit dem Verein schlie\u00dfen und eine Aufnahmegeb\u00fchr (40 \u20ac) sowie 8 \u20ac monatliche Grundgeb\u00fchr zahlen sowie einer Schufa-Abfrage zur Bonit\u00e4tspr\u00fcfung zustimmen m\u00fcssen (siehe dazu unsere <a href=\"https:\/\/www.carsharing-hohen-neuendorf.de\/wp-content\/uploads\/2026\/03\/Gebuehrenordnung_Carsharing_HN_V1.11.pdf\" data-type=\"attachment\" data-id=\"921\" target=\"_blank\" rel=\"noreferrer noopener\">Geb\u00fchrenordnung<\/a>).<\/p>\n\n\n\n<p class=\"has-black-color has-text-color\">Kommunen, Gemeinden, gewerbliche Nutzer oder Vereine, die das Carsharing f\u00fcr ihre Firmenfahrzeuge nutzen m\u00f6chten, erhalten als sogenannte &#8222;Ankermieter&#8220; spezielle Konditionen, die grunds\u00e4tzlich verhandelbar sind. Bitte kontaktieren Sie uns, wenn Sie daran Interesse haben: <a rel=\"noreferrer noopener\" href=\"mailto:info@carsharing-hohen-neunedorf.de?subject=Ankermieter Anfrage Sonderkonditionen\" target=\"_blank\">info@carsharing-hohen-neuendorf.de<\/a><\/p>\n\n\n\n<p class=\"has-black-color has-text-color\"><a href=\"https:\/\/www.carsharing-hohen-neuendorf.de\/wp-content\/uploads\/2024\/06\/Broschuere-2024-V1.2.pdf\" data-type=\"attachment\" data-id=\"888\">Aktuelle Brosch\u00fcre<\/a><\/p>\n","protected":false},"excerpt":{"rendered":"<p>8 \u20ac monatliche Grundgeb\u00fchr Klasse S (Klein) M (Kompakt) XL (Kleinbus) Modell Renault Zoe Tesla Model 3 Toyota PROACE Stunde (0 bis 6 Uhr) \u20ac 0,50\/Std. \u20ac 0,50\/Std. \u20ac 1,00\/Std. Stunde (6 &#8211; 24 Uhr) \u20ac 3,20\/Std. \u20ac 4,20\/Std. \u20ac 6,00\/Std. 24 Stunden \u20ac 35\/Tag \u20ac 42\/Tag \u20ac 63\/Tag Woche (7 Tage) \u20ac 140\/Woche \u20ac [&hellip;]<\/p>\n","protected":false},"author":1,"featured_media":0,"parent":0,"menu_order":0,"comment_status":"closed","ping_status":"closed","template":"","meta":{"_regular_price":[],"currency_symbol":[],"footnotes":""},"class_list":["post-532","page","type-page","status-publish","hentry"],"post_slider_layout_featured_media_urls":{"thumbnail":"","post_slider_layout_landscape_large":"","post_slider_layout_portrait_large":"","post_slider_layout_square_large":"","post_slider_layout_landscape":"","post_slider_layout_portrait":"","post_slider_layout_square":"","full":""},"_links":{"self":[{"href":"https:\/\/www.carsharing-hohen-neuendorf.de\/index.php\/wp-json\/wp\/v2\/pages\/532","targetHints":{"allow":["GET"]}}],"collection":[{"href":"https:\/\/www.carsharing-hohen-neuendorf.de\/index.php\/wp-json\/wp\/v2\/pages"}],"about":[{"href":"https:\/\/www.carsharing-hohen-neuendorf.de\/index.php\/wp-json\/wp\/v2\/types\/page"}],"author":[{"embeddable":true,"href":"https:\/\/www.carsharing-hohen-neuendorf.de\/index.php\/wp-json\/wp\/v2\/users\/1"}],"replies":[{"embeddable":true,"href":"https:\/\/www.carsharing-hohen-neuendorf.de\/index.php\/wp-json\/wp\/v2\/comments?post=532"}],"version-history":[{"count":21,"href":"https:\/\/www.carsharing-hohen-neuendorf.de\/index.php\/wp-json\/wp\/v2\/pages\/532\/revisions"}],"predecessor-version":[{"id":1059,"href":"https:\/\/www.carsharing-hohen-neuendorf.de\/index.php\/wp-json\/wp\/v2\/pages\/532\/revisions\/1059"}],"wp:attachment":[{"href":"https:\/\/www.carsharing-hohen-neuendorf.de\/index.php\/wp-json\/wp\/v2\/media?parent=532"}],"curies":[{"name":"wp","href":"https:\/\/api.w.org\/{rel}","templated":true}]}}